 - -1110100101100111100?
1110101000011001001
In base 3, what is 12011121010201 - 122?
12011121010002
In base 5, what is 130 - -2021304?
2021434
In base 6, what is -550543 - 1112?
-552055
In base 7, what is 43454 - -3646?
50433
In base 10, what is -2869453 + -2?
-2869455
In base 13, what is -3a9133 + -9?
-3a913c
In base 12, what is 8059434 + 1?
8059435
In base 16, what is -887e - -200?
-867e
In base 13, what is 32151c94a + 1?
32151c94b
In base 2, what is -111001001110110 - -101110001?
-111000100000101
In base 4, what is 122131 + -2011102?
-1222311
In base 10, what is -61868 - -2939?
-58929
In base 12, what is 16 + -a06b5?
-a069b
In base 8, what is -75375 + -4632?
-102227
In base 5, what is 13 + -10113440440?
-10113440422
In base 13, what is 923653 - 5?
92364b
In base 5, what is 1004121 - -1110?
1010231
In base 2, what is -1010101100101010010 - 100?
-1010101100101010110
In base 2, what is -10 - -101001011001010111101100?
101001011001010111101010
In base 6, what is -15411354 - -30?
-15411324
In base 9, what is 23 + 474534?
474557
In base 3, what is -1 + -221020121121121122?
-221020121121121200
In base 8, what is -462 + -5131?
-5613
In base 13, what is -2 - 5c8b6a?
-5c8b6c
In base 14, what is 34 - -4575b1?
457605
In base 3, what is -211110221011 + -2122?
-211111000210
In base 13, what is 22a6 + 16cb?
39a4
In base 3, what is 11022112 + -1011220?
10010122
In base 2, what is -1110011001 - 11101100000101?
-11111010011110
In base 9, what is 2005186 + -180?
2005006
In base 13, what is -1 + 1acc71b4?
1acc71b3
In base 14, what is a8 + -76b?
-6a3
In base 14, what is 5 - -2a87b7b?
2a87b82
In base 2, what is -10001111001 + 10110101000000?
10100011000111
In base 7, what is -134 + 25534136?
25534002
In base 12, what is -2b5 - -2a237?
29b42
In base 9, what is -3273605 - 137?
-3273743
In base 15, what is 1 - 764809?
-764808
In base 13, what is 3936 + -117c?
2787
In base 8, what is 53061 - -2017?
55100
In base 9, what is 10 - -111313283?
111313303
In base 15, what is 4eec53 - 23?
4eec30
In base 13, what is 1a + 102664?
102681
In base 7, what is 2106313 - 2624?
2103356
In base 7, what is 10 - -3653130?
3653140
In base 5, what is 30041 + 233010?
313101
In base 13, what is 135b + b71?
21cc
In base 8, what is -10223610 + 2?
-10223606
In base 6, what is 212 + -33242331?
-33242115
In base 2, what is 10000001001 - 1101011000001?
-1011010111000
In base 14, what is 354dc4 + 0?
354dc4
In base 15, what is 10 - 20cb3a7?
-20cb397
In base 8, what is -752012670 - 1?
-752012671
In base 4, what is -3 - -232003122122?
232003122113
In base 11, what is 9203040a6 - 3?
9203040a3
In base 9, what is 358326631 - 0?
358326631
In base 15, what is -2a + 2b0628b?
2b06261
In base 9, what is -63237543 - -4?
-63237538
In base 10, what is -86791 - -6724?
-80067
In base 6, what is -151454501 + -12?
-151454513
In base 3, what is -122101112002002 - 11?
-122101112002020
In base 5, what is 10 - -11314322102?
11314322112
In base 2, what is 1111111110001000110 + -10111?
1111111110000101111
In base 11, what is 1330688 + 39?
1330716
In base 3, what is 1120202202111 + -11002?
1120202121102
In base 5, what is 10241034 + 2?
10241041
In base 12, what is 87a + b413?
10091
In base 9, what is -2 - -5535417?
5535415
In base 8, what is 5 - -47043566?
47043573
In base 13, what is -1752c5a - 4?
-1752c61
In base 16, what is -2973ddd - -3?
-2973dda
In base 10, what is -43114 - 123?
-43237
In base 15, what is -2d3e4 + -d8?
-2d4cc
In base 13, what is 687c4c + -14?
687c38
In base 9, what is 2743 - 622504?
-618651
In base 8, what is -17 + -34252153?
-34252172
In base 7, what is -460625 - 35?
-460663
In base 15, what is 1 - c0536?
-c0535
In base 8, what is -52215 - 74554?
-146771
In base 7, what is 104 - -202065?
202202
In base 8, what is -4 + 205230?
205224
In base 3, what is 100121020022211 + -10?
100121020022201
In base 3, what is 220200121122202 + -10?
220200121122122
In base 6, what is -1005520 - 514?
-1010434
In base 15, what is -187 - -d86e?
d6d7
In base 10, what is -75 - 1315861?
-1315936
In base 5, what is 3334002 + 2303?
3341310
In base 3, what is 10102210 - 102211100?
-22101120
In base 10, what is 439647 - -86?
439733
In base 8, what is -300 - -635706?
635406
In base 15, what is -28 - 126d2b?
-126d54
In base 12, what is 33b3a - 86b?
3328b
In base 11, what is 0 + -1261871a5?
-1261871a5
In base 15, what is 1a2d825 + -b?
1a2d819
In base 12, what is 15b76b8b + -3?
15b76b88
In base 7, what is -122565513 - 2?
-122565515
In base 13, what is 2a3096 + 3?
2a3099
In base 3, what is -1010002121211121 + -21?
-1010002121211212
In base 16, what is -40cd6a + -33?
-40cd9d
In base 10, what is 997 + -16260?
-15263
In base 3, what is -110002102012112202 + -12?
-110002102012112221
In base 4, what is 1313321201022 + -1?
1313321201021
In base 12, what is -392861b - -1?
-392861a
In base 5, what is -134 - 14321414?
-14322103
In base 16, what is -7ce9 - -1bd0?
-6119
In base 12, what is -85 + 11006?
10b41
In base 14, what is -16 + 939?
923
In base 8, what is 113603150 - -20?
113603170
In base 11, what is -3a0 + -3516a0?
-351a90
In base 3, what is -201012100010021 + 101?
-201012100002220
In base 11, what is 1754a - 437?
17113
In base 13, what is 0 + 204750?
204750
In base 13, what is -5b039a - -4?
-5b0396
In base 4, what is -13 + -111320023220?
-111320023233
In base 15, what is 0 + 1a2762a?
1a2762a
In base 14, what is -2923557 + -6?
-292355d
In base 15, what is 349 - -2aaa?
2e04
In base 9, what is 262020863 - -1?
262020864
In base 13, what is 3 - 5579126?
-5579123
In base 12, what is -2712a + -659?
-27787
In base 10, what is -27822 + 187?
-27635
In base 4, what is -110210133 - 13020?
-110223213
In base 2, what is 111 + 10000000111111100111?
10000000111111101110
In base 12, what is 61694 + -67?
61629
In base 12, what is 172 + 1460?
1612
In base 4, what is -2 - -122232030012?
122232030010
In base 4, what is -2300200 - 20103?
-2320303
In base 15, what is -6d5 + -bc8e?
-c474
In base 16, what is -3 + -78c1bd?
-78c1c0
In base 13, what is -b04 - -1898?
a94
In base 15, what is 1 + 1d87cdd?
1d87cde
In base 6, what is -13 - -3115005?
3114552
In base 2, what is -10101111111100000 + 10000100?
-10101111101011100
In base 4, what is 20211232001 + 2?
20211232003
In base 16, what is -820d50 - -5?
-820d4b
In base 12, what is 60 - 1168367?
-1168307
In base 16, what is f734 + 19a?
f8ce
In base 4, what is -30 + -2111003031?
-2111003121
In base 12, what is -13b452 + 2a3?
-13b16b
In base 7, what is -2043 + 10402533?
10400460
In base 15, what is -4 - 131d2d3?
-131d2d7
In base 13, what is 3c7c9 - 9b5?
3bb14
In base 14, what is 169a7 + 82?
16a49
In base 3, what is 210012 - 122020001?
-121102212
In base 8, what is 557017 - -40?
557057
In base 12, what is 1a467 + 312?
1a779
In base 12, what is 3baba1 + 33?
3bb014
In base 7, what is -255 - 66542162?
-66542450
In base 2, what is -100000001111101111 - 11001111?
-100000010010111110
In base 8, what is -514135 + 26?
-514107
In base 13, what is 913a2 - -34?
91406
In base 7, what is 1 + -206650442?
-206650441
In base 2, what is -110011 + 100110111101010111110111?
100110111101010111000100
In base 13, what is 5b - -9b0402?
9b0460
In base 9, what is 2513861 - 414?
2513446
In base 4, what is 1 - 120201020220?
-120201020213
In base 3, what is -2020111111102022 + 1?
-2020111111102021
In base 2, what is 11011001010101 - 1110111101110110?
-1011100100100001
In base 9, what is -2308 + -32781?
-35200
In base 4, what is -23123012003 + 101?
-23123011302
In base 13, what is 14a3 - 23a8?
-c05
In base 10, what is 274 + 5593?
5867
In base 7, what is 12322540 - 1233?
12321304
In base 9, what is -1302 - 14801?
-16203
In base 8, what is -776571 + -7?
-776600
In base 8, what is -534563 + 160?
-534403
In base 5, what is 404 - -20223441?
20224400
In base 8, what is -2067 - -7476?
5407
In base 3, what is -22122202111122 - -2221?
-22122202101201
In base 16, what is f73 + 2d?
fa0
In base 8, what is 33446 - -5010?
40456
In base 15, what is 2b53cb - 13?
2b53b8
In base 12, what is -1b97ab - -318?
-1b9493
In base 6, what is -20 - 233330041?
-233330101
In base 2, what is 110 + -1011111010111000100001111?
-1011111010111000100001001
In base 16, what is -6e4a671 - 0?
-6e4a671
In base 11, what is 2932a7 + -77?
293230
In base 16, what is -6763b9 + 0?
-67